Let o(y) = 2*y**2 - 3*y. Let i be 6 - (-1 - (0 + -5)). Let g be o(i). Suppose -4*k = -2*k - 5*x + g, 0 = k - 2*x + 2. Let p(b) = b**2 + 5*b - 6. What is p(k)?
0
Let w(g) = g**3 + 3*g**2 - 3*g - 6. Let m = 8 - 29. Let a = m - -11. Let i be a*(21/15 + -1). Determine w(i).
-10
Let k(w) = w**3 - 9*w**2 - 10*w + 9. Let b = 1672 + -1662. What is k(b)?
9
Let c(o) = -o**3 - 8*o**2 + 8*o - 5. Suppose -2*b - 3*n = 12 - 6, -32 = 4*b + n. Give c(b).
4
Let r(f) be the second derivative of -7/2*f**2 + 1/2*f**3 - 9*f + 0. Give r(5).
8
Let t(w) = -93*w**3 - w**2 + 1. Let j be t(-1). Let v = j - 88. Let m(l) = -2*l + 3. Give m(v).
-7
Let w(p) = -15*p + 33. Let a(d) = 7*d - 16. Let j = 44 - 50. Let n(i) = j*w(i) - 13*a(i). What is n(10)?
0
Let t be -3 + (-76)/(-4) - -2. Suppose -o - t = 4*f, -f + 5*f - o = -22. Let b(j) = 2*j + 6. Give b(f).
-4
Let c(m) = m**2 + 6*m - 5. Let q = 584 + -592. Give c(q).
11
Let s(u) = -u - 7. Let b(q) = -2*q - 19. Let y(i) = -b(i) + 3*s(i). What is y(4)?
-6
Suppose 2*h - 4*h + 4 = 0. Let g(u) = -u**2 + 3*u - 3*u**2 + 1 + 8*u**h. Calculate g(-2).
11
Let l(a) = -a - 10. Let o be l(-14). Let f(m) = 6 - o - 3*m + 1. What is f(4)?
-9
Let b(g) = 1 + 298*g**2 - 595*g**2 + 295*g**2 + 2*g - 4*g. Suppose 4*v + 0 - 2 = a, 2*a = 2*v + 2. Determine b(a).
-11
Let j(f) = -f**2 + 7*f - 2. Let s be j(6). Let l(w) = -7*w + 37. Let x be l(s). Let u(d) = -d**3 + 9*d**2 - 3. Determine u(x).
-3
Let z be (((-5)/3)/(-1))/((-122)/(-366)). Let a(p) = 4*p + 1. Give a(z).
21
Let f(i) = -i + 14. Let u = 42 - 29. Let g be f(u). Let p(x) be the third derivative of x**5/6 + x**4/24 - x**3/6 + 5*x**2. What is p(g)?
10
Let r(b) = 6 - 3 + 0 + 3*b + 2 - b. Let x(s) = s**3 + 7*s**2 + 2*s + 10. Let t be x(-7). Give r(t).
-3
Let c(s) = 2*s**3 + 18*s**2 + 45*s + 41. Let j(l) = l**3 + 10*l**2 + 23*l + 20. Let g(w) = -2*c(w) + 5*j(w). Determine g(-12).
6
Let g(q) = -17*q**3 - 10*q**2 - 4*q - 4. Let a(t) = 3*t**3 + 2*t**2 + t + 1. Let r(s) = -5*a(s) - g(s). What is r(0)?
-1
Let y(k) be the second derivative of -1/3*k**3 - 1/60*k**5 + 1/6*k**4 + 2*k**2 - 2*k + 0. Let s(w) be the first derivative of y(w). Determine s(4).
-2
Let c(k) = 2*k**2 - 3*k + 3. Let n be ((-44)/33)/(2/3*-1). Calculate c(n).
5
Suppose -2*g - 5*m = 7, 4*g + 3 = 2*m + 25. Suppose 3*p = 9, 0 = h + g*h + 4*p - 12. Suppose h = 2*s - 3*s. Let u(v) = -v**3 + v**2 + v + 1. What is u(s)?
1
Let i be (2/(-1))/1 - -1. Let c(t) = -22*t + 2. Let q(g) = -11*g + 1. Let m(o) = -2*c(o) + 5*q(o). What is m(i)?
12
Let y(n) = -n**2 + 25. Let u be y(0). Let g(d) = 2*d**2 + 0 - d**3 + 1 - 4 - 23*d + u*d. Let f = 10 - 7. Determine g(f).
-6
Let s(n) = -n - 9. Let a be s(-15). Suppose a*g - 8*g = 0. Suppose 0 = l - 3*l - j + 6, g = 2*j. Let v(q) = -q**3 + 2*q**2 + 4*q + 1. Calculate v(l).
4
Let h be ((-3)/(30/8))/((-20)/50). Let d(s) = -7*s + 85*s**h - 3 - 178*s**2 + 94*s**2. What is d(7)?
-3
Suppose -2*u - 4*l + 22 = 0, -19 = -2*u - l - 6. Let w(b) = -15*b + 25. Let t(j) = -3*j + 5. Let c(f) = -11*t(f) + 2*w(f). Determine c(u).
10
Let q(i) = 7*i**2 - i + 1. Let c(j) = -j**2 + 12*j + 20. Let o be c(13). Let v(w) = w - 6. Let y be v(o). What is q(y)?
7
Let g(p) = 398 + 26*p - p + 11*p**2 - 379 - p**3. Determine g(13).
6
Let f(a) be the second derivative of -a**3 + a**2/2 + 8*a + 3. What is f(-2)?
13
Let p(w) = -w**3 - 2*w**2 + w - 1. Let l(z) = z**2 + 4*z - 3. Let v be l(0). Give p(v).
5
Let c be 1/(1 - 42/39). Let v(h) = h + 15. Let y be v(c). Let m(z) be the first derivative of -z**3/3 + z**2 + 1. Calculate m(y).
0
Let c(s) = -7*s + 36. Let f be (-8)/(-20)*(-8 + 23). Determine c(f).
-6
Let m(h) = h**3 - 5*h**2 + 4*h - 2. Suppose w - 9 = -0*w. Suppose 50 = 5*d + 5*f, 4*f = -d + 1 + w. Let j = d - 8. Give m(j).
-6
Suppose 6*r = 4*r - 2*k + 12, 2*r - 15 = -3*k. Let b(q) be the first derivative of -6*q - 9 - 2*q**r + 1/4*q**4 + 3*q**2. Give b(5).
-1
Let x(i) = 29*i**2 + i - 1. Suppose -3*r - 4*l + 23 = 0, 12*l - 13*l + 9 = 4*r. Calculate x(r).
29
Let w(j) = j**2 - 3*j + 1. Let f(o) = 2*o + 29. Let d be f(-4). Suppose -2*q - d = -5*c, -q + 2 = 3*c - 4. Give w(c).
1
Let u(i) = i + i**3 + 6*i**3 - 7*i + 5*i. Suppose -17*y + 20*y + 3 = 0. Give u(y).
-6
Let o(d) be the first derivative of -1/4*d**4 - 5/2*d**2 - 3*d - 8 - 5/3*d**3. Calculate o(-3).
-6
Let l be (-102)/(-9) - (-4)/(-12). Let s(h) = l + 3*h**2 + 0*h**3 - h**3 - 7 - h + h**2. What is s(3)?
10
Let c(v) = -10*v + 598. Let u be c(58). Let m(l) = -2*l**2 + 34*l + 43. Give m(u).
7
Let r(x) = -3*x**2 - 2*x + 3. Let b(h) = -5 - 6*h**2 + 226*h - 113*h - 111*h + h**3 - 10. Let v be b(6). Give r(v).
-18
Let a(d) be the third derivative of -d**4/6 - 3*d**3/2 + 513*d**2. What is a(-1)?
-5
Let c = 90 - 82. Let b(m) = 8 - m**3 + 3 - c*m**2 + m - 3. Give b(-8).
0
Let z(r) = -3897*r**2 - 2*r**3 - r + 1946*r**2 + 3*r**3 + 4*r + 1944*r**2 + 7. Determine z(6).
-11
Let f(w) = 27080*w + w**2 - 27080*w - 7. Determine f(0).
-7
Let p = -83 - -94. Suppose 25 = -2*q + p. Let t(k) = -k**3 - 8*k**2 - 9*k - 8. Calculate t(q).
6
Let h(b) = -12*b**2 - 2*b + 5. Let y(m) = -15*m**2 - 2*m + 4. Let w(d) = -4*h(d) + 3*y(d). Determine w(2).
8
Let n(p) be the first derivative of 7 + 11/4*p**4 - 1/2*p**2 + 0*p + 1/3*p**3. Determine n(1).
11
Let x(w) = -w**2 - 6*w + 6. Let m(h) = -2 - 4 - 1 + 10*h - h**2. Suppose -5*z + 3*a + 41 = 0, -z - z - 4*a = -32. Let j be m(z). Give x(j).
-1
Let f(a) be the second derivative of -a**4/12 + 4*a**3/3 - a**2/2 - 185*a. Let s be (4/6*12)/2. What is f(s)?
15
Suppose 16 = 5*g + 2*y, -4*y - 12 = -2*g - 2*y. Let w(t) = -2*t + 11*t + 4 - g*t - 4*t. Calculate w(-7).
-3
Let p(u) = -8*u + 9*u**2 - 1 - 531*u**3 + 5*u**2 - 9*u + 12 + 530*u**3. Give p(13).
-41
Let b(q) = -q + 1. Suppose -8*y = -0*y - y. Calculate b(y).
1
Let b(q) = -q - 1. Let a be ((-20)/(-6))/((-1)/(-3)). Let k(o) = o - 9. Let z(u) = 2*u - 17. Let i(f) = 5*k(f) - 2*z(f). Let n be i(a). Determine b(n).
0
Let j(s) = -s**2 - s - 1. Let m(q) = -25*q**2 - 5*q - 5. Let p(z) = -4*j(z) + m(z). Determine p(-1).
-21
Suppose -4*o - 32 = -0*m + 5*m, 5*o = 4*m + 1. Let d = 8 + m. Let z(a) = -3 - d + 3 + 1 - 3*a. Calculate z(-3).
6
Let t be (-7)/((-21)/18)*-1. Let o be (t/5)/(4/(-10)). Let b(s) = -s - 6*s + o*s - 4*s. Give b(1).
-8
Let z(n) be the first derivative of n**2 + 2*n - 1. Suppose -33 = -4*q - g, 0 = 3*q - 3*g + g - 11. Suppose 1 - q = -3*t. Calculate z(t).
6
Let o(f) = 6*f**3 - 3*f**3 - 4*f**3 - 1 + 5*f**2 - f. Let j(l) = 4*l - 32*l**2 - l**3 + 23 - 2*l**2 + 14 - 67*l. Let b be j(-32). Calculate o(b).
-6
Suppose 5*v = 2*v - 2*l, -2*v - l = 0. Let h(x) be the second derivative of 3/2*x**2 - 1/12*x**4 + v + x + 0*x**3. Give h(0).
3
Let s(w) = -17*w + 7. Let d(x) = -48*x + 20. Let z(g) = 5*d(g) - 14*s(g). Determine z(-3).
8
Let g(r) = -r**2 + 4*r - 1. Let q(x) = -4*x**2 + 13*x - 4. Let y(s) = 7*g(s) - 2*q(s). Suppose 2*k - 4*b + 8 = 0, 5*k - b = -17 + 6. Give y(k).
1
Let m be 5/15 + (-20)/6. Let z(v) = -4*v - 4. Let l(u) = -3*u - 5. Let q(o) = m*l(o) + 2*z(o). What is q(-3)?
4
Let q be (-130)/8 - 6/(-24). Let v = -11 - q. Let z(w) = 5 + 1 - 6 - v*w - 1. Determine z(1).
-6
Let z(c) = -c - 1. Let n be ((-5)/15)/((-3)/(-9)). Let u be z(n). Suppose -d - 1 = 3*j - 7, u = -3*j - 5*d - 6. Let m(r) = r**3 - 4*r**2. What is m(j)?
-9
Let w(j) be the second derivative of -j**8/6720 - j**7/630 + j**6/120 - j**5/120 - 11*j**4/12 + 7*j. Let k(i) be the third derivative of w(i). Determine k(-5).
-6
Let w(t) = t**3 - 4*t + 6. Let y(u) = -u**3 + 4*u - 7. Let a(q) = 6*w(q) + 5*y(q). Determine a(-3).
-14
Let k be (4 - 1)/((-9)/48). Let t be -1*k/12*-3. Let l(n) = -3*n**2 - 23*n - 14. Let f(u) = u**2 + 8*u + 5. Let c(o) = 8*f(o) + 3*l(o). What is c(t)?
2
Let s(q) = -10*q**3 - 4*q + 13 + 9*q**3 + 3*q**2 - 13. What is s(4)?
-32
Let d(q) = 14*q - 7 - 1291*q**2 + 654*q**2 + 636*q**2. What is d(12)?
17
Let r(b) = b. Let o(y) = -104*y - 2. Let h be o(1). Let d = h - -112. Give r(d).
6
Let w = -6 + 9. Suppose -t = 4*t - 3*k - 155, 4*k = 0. Suppose 0 = 4*i + w*q + t, -i - 9 = i - 5*q. Let a(d) = d + 8. Give a(i).
1
Let t(b) = 15*b**3 - 9*b**2 + 9*b + 15. Let m(i) = -2*i**3 - 7 - 5*i**3 + 4*i**2 - 4*i + 0*i. Let x(w) = 13*m(w) + 6*t(w). Calculate x(-2).
-5
Let p(l) = -2 - l**2 - 2 - 1 - l. Suppose 27*r = 235*r + 34*r. Give p(r).
-5
Let n(x) be the f